 d(y) = y**3 + 2*y**2 - 3*y + 1. Let x be -9*((-8)/(-6) - 1). Determine d(x).
1
Let x = -12 - -9. Let z(f) be the first derivative of -f**3/3 + 2*f - 2. Give z(x).
-7
Let p(m) = m**2 - 5*m + 6. Let j be 32*-2*(-2)/8. Suppose 0*t = 2*t + 22. Let r = j + t. Give p(r).
6
Let r be (-38)/(-10) + (21/35)/3. Let w(x) = x - 2. Give w(r).
2
Let m(t) = 4*t**2 - 7*t + 3. Let d(l) = -3*l**2 + 6*l - 3. Let v(r) = -3*d(r) - 2*m(r). Calculate v(5).
8
Let o(s) = 11*s + 1. Suppose -2*q - q = 3. Determine o(q).
-10
Let b(r) be the third derivative of r**4/12 + r**3/3 - 2*r**2. Suppose 2*m + 5*l = 22, -33 + 8 = -5*m - 5*l. Let c be -1 - m*(-2 + 4). Calculate b(c).
-4
Let o(g) = 5*g - 6. Let s(w) = -11*w + 13. Let c(b) = 13*o(b) + 6*s(b). Determine c(4).
-4
Suppose 0 = -a - 2*t - 2*t - 19, 3*a - 11 = 5*t. Let v(s) = s**2 + 4*s + 3. Give v(a).
0
Let w(r) = -9. Let m(q) = q - 1. Let d(k) = 3*m(k) - w(k). Give d(-6).
-12
Let z(a) = 13 + 27*a**2 + 6*a - 26*a**2 - 19. Calculate z(-7).
1
Let m(y) = y**2 - 6*y - 2. Let a be m(5). Let g(i) = i**3 + 6*i**2 - 7*i - 8. What is g(a)?
-8
Let x(y) = -4*y + 8 - 3 + y. What is x(4)?
-7
Let s(d) be the second derivative of 0 - 2*d + 0*d**2 - 1/12*d**4 + 1/3*d**3. Determine s(3).
-3
Let u(n) = n + 2. Suppose 3*f + f - 20 = 0. Let t(c) = -c**2 + 10*c + 4. Let b be t(10). Let g be f/2*8/b. What is u(g)?
7
Let m(h) = 5*h + 10. Let y(i) = 3*i + 7. Let n(q) = -5*m(q) + 8*y(q). Determine n(5).
1
Let a(t) be the second derivative of -t**4/12 - t**3/2 + t**2 - 3*t. Let l(s) = 1. Let o(u) = u - 6. Let c(h) = -2*l(h) + o(h). Let p be c(5). Calculate a(p).
2
Let w(u) be the first derivative of -3/2*u**2 + 1 + u. Suppose -2*a - 6*a = 16. Determine w(a).
7
Let q(d) = 59*d**2 - 2 - 60*d**2 + 6 - 5*d. Calculate q(-6).
-2
Let w be -5 + -4 + 8 + -2. Let v(b) = 6*b**3 - 12*b**2 + 3*b - 10. Let o(a) = 5*a**3 - 11*a**2 + 2*a - 9. Let x(f) = -7*o(f) + 6*v(f). Determine x(w).
9
Let x(d) = -d**2 - 3*d - 1. Let r(l) = -l**3 + 10*l**2 - 8*l - 4. Let y be r(9). Suppose -16 - 4 = y*t. Determine x(t).
-5
Let w(c) = -3*c**2 - c + 2. Let h(b) = 2*b**2 - 1. Let t(z) = 4*h(z) + 3*w(z). What is t(2)?
-8
Suppose -t - 1 - 2 = 0. Let v = -6 + 8. Let l(k) = -v + 5 - k**2 - 2 - k. Calculate l(t).
-5
Let c(y) be the third derivative of y**6/720 - y**5/40 + y**4/12 - 5*y**2. Let g(x) be the second derivative of c(x). Calculate g(-5).
-8
Let c be 27/(-6) + (-2)/4. Let l(z) = z**2 + 8*z + 4. Let o(u) = 2*u**2 + 7*u + 4*u**2 - 5*u**2 + 3. Let x(r) = -3*l(r) + 4*o(r). Give x(c).
5
Let h(d) = -4*d + 6*d**2 - 4*d**2 - 3*d**2. What is h(-4)?
0
Let y(k) = k**3 + 5*k**2 - 7*k - 2. Suppose i + 1 - 6 = 0. Suppose 5*w + 45 = -5*r + 2*w, -31 = r + i*w. Give y(r).
4
Let o(q) = 7*q - 5. Let n(y) = 8*y - 6. Let k = -16 - -10. Let j(i) = k*o(i) + 5*n(i). Calculate j(3).
-6
Let u(v) = 3*v**2 + 4*v + 32. Let b(c) = c**2 + c + 11. Let h(m) = -17*b(m) + 6*u(m). What is h(-5)?
-5
Let x(h) = h - 12. Suppose 19 - 4 = z - 5*v, -4*v + 12 = 4*z. Calculate x(z).
-7
Let h(z) = -3*z**3 + z - 1. Let i be h(-2). Suppose -3*t - 3*k = -i, 0*t + 31 = 3*t + 5*k. Let s be 3*1/3*t. Let d(x) = x**3 - 2*x**2 + 3*x - 1. Give d(s).
5
Let y(m) = -m. Let o(q) = -7*q + 6. Let k(f) = -o(f) + 6*y(f). Suppose 195 = -2*a - 3*a. Let g be a/(-9) + 1/(-3). Determine k(g).
-2
Let t(q) be the second derivative of q**4/12 - 5*q**3/6 - q**2/2 + 6*q. Calculate t(6).
5
Let q(l) = -4*l**2 + 4*l - 2. Let j(m) = 5*m**2 - 4*m + 3. Let z(p) = 3*j(p) + 4*q(p). Let i be -3*(10/(-6))/1. Give z(i).
-4
Let x(p) = -p**3 - 3*p**2 + p + 1. Let s be (9/(-6))/((-2)/4). Suppose -9 = -0*z + s*z. Calculate x(z).
-2
Let w be (2 + -3)/(2/10). Let l(y) be the first derivative of y**4/12 + 2*y**3/3 - 3*y**2/2 - 3*y - 1. Let k(s) be the first derivative of l(s). Determine k(w).
2
Let k(l) = -l**2 - 15*l + 23. Let u be k(-16). Let i(g) = g**3 - 8*g**2 + 7*g - 2. Give i(u).
-2
Let a be (-1 - 0)/(2*(-1)/6). Let x(l) = -l**3 + 3*l**2 - 1. What is x(a)?
-1
Let n(f) = f**2 + 6*f. Let d = 5 - 7. Let j be (-2)/d + -3 + -3. Calculate n(j).
-5
Let z(t) = -t**3 + 5*t**2 - 4*t + 2. Let y be (0/1)/(3 + -4). Suppose y = -9*c + 4*c + 10. Determine z(c).
6
Let h(f) = -f**3 - 5*f + 8*f**2 + 3*f - 1 - 3*f - 2*f**2. Suppose 24 + 8 = 4*r - 4*q, -4*q = -r + 17. Give h(r).
-1
Let l(j) be the third derivative of j**4/12 + 3*j**2. Let u be (-10)/65 + (-100)/26. Determine l(u).
-8
Let p = -1 - -1. Let h = -2 - p. Let i(k) = -2*k**2 - 2*k - 1. Calculate i(h).
-5
Let a(k) be the first derivative of 7*k + 1/2*k**2 - 1/3*k**3 + 1 - 1/4*k**4. Let n(t) = -t**3 + 13*t**2 - t + 13. Let h be n(13). What is a(h)?
7
Let m(s) = -3*s**2 - 3*s - 2. Let j be (5 - 26/4)/(3/4). Determine m(j).
-8
Let u(w) be the third derivative of -w**7/1680 + w**6/360 - w**5/20 - 3*w**2. Let b(n) be the third derivative of u(n). What is b(3)?
-7
Let k(g) be the second derivative of g**3/2 + g**2/2 - 5*g. Give k(-3).
-8
Suppose 4*t + 1 = -c, -c + 5*t + 8 = -0*t. Let i(l) = -3*l + 3. Let w(r) be the first derivative of -r**2/2 + 1. Let u(m) = -i(m) + w(m). Determine u(c).
3
Let j(o) = o - 4. Let b(t) = -5*t + 12. Let c(i) = b(i) + 6*j(i). Suppose 0 = -2*q + q. Calculate c(q).
-12
Let g(d) = -3*d**3 - 4*d**2 - 3*d + 25. Let r(h) = -h**3 - h**2 - h + 8. Let m(t) = 2*g(t) - 7*r(t). Give m(0).
-6
Suppose 3*r - 211 + 220 = 0. Let j(f) = 2*f + 1. Determine j(r).
-5
Let g(y) = -17*y - 3 - 11*y - 5 + 29*y. Determine g(0).
-8
Let g(c) = -2*c + 6. Let h(t) = 3*t - 7. Let z(m) = -6*g(m) - 5*h(m). Let p be (-20)/30*(11/2 - 1). Give z(p).
8
Let h = -1 + 4. Suppose d - 2 = h. Let z(w) = -2*w**2 - 4*w + 5*w - 3*w + 2 - 3*w**2 + w**3. Determine z(d).
-8
Let l(r) be the second derivative of r**5/20 + 7*r**4/12 + r**3 - 5*r**2/2 - 31*r. Determine l(-6).
-5
Let m = -29 + 33. Let y(g) be the first derivative of 3 - 3/2*g**2 + 4/3*g**3 - 4*g - 1/4*g**m. What is y(3)?
-4
Let l(c) = -c**3 - 6*c**2 + 17*c + 8. Let h be l(-8). Let q(n) be the second derivative of -n**4/12 - n**3/6 - 2*n**2 - 2*n. Give q(h).
-4
Let d(h) = -14*h**3 + h**2 + 5*h + 3. Let g(f) = 6*f**3 - f**2 - 2*f - 1. Let c(r) = -2*d(r) - 5*g(r). Give c(3).
-28
Let j(k) = -2*k - 3. Let g be (3 + 3 + -3)/(-1). Let i be j(g). Let r(w) be the first derivative of w**3/3 - 3*w - 2. Determine r(i).
6
Let y(q) = -q. Suppose o + 2*o - 13 = -5*f, -f - 4*o - 11 = 0. Suppose 2*d = 3 + f. Suppose -3*k + d*t + 1 = 5, 1 = 2*k + t. Determine y(k).
0
Let k(h) = -2*h**2 - 1. Let b be k(1). Let t(g) be the first derivative of -2 + g**3 + 1/4*g**4 + 3*g + 2*g**2. Determine t(b).
-9
Suppose -59 = -4*l - 15. Let y(o) = 3 + 4 + o - l. Calculate y(2).
-2
Suppose 2 = 5*a + 6*s - 2*s, -3*a = 4*s - 6. Let r(d) = -d**3 - 2*d**2. Let x be r(a). Let n(h) = h - 6. What is n(x)?
-6
Suppose 4*g + 0 = 4. Let k(b) be the first derivative of g - 4/3*b**3 + b + 1/4*b**4 - 1/2*b**2. Give k(4).
-3
Let y(k) = -k**2 + k. Let a(u) = -8*u**2 + 4*u + u**3 + 0*u + 3 - 2*u + 6*u. Let v be a(7). Let l = v + -7. Give y(l).
-6
Let p(a) be the third derivative of 2*a**5/15 + 2*a**2. Give p(1).
8
Suppose -3*k + 0*y - 3*y = -18, 2*k - 22 = 3*y. Let p(s) = -s**3 + 8*s**2 + 2*s - 11. Give p(k).
5
Let u(j) = j**3 - 5*j**2 + 3. Let x be u(5). Let v(g) = x*g + 2*g - 2*g**2 + g**2 - 2. Calculate v(4).
2
Let h(f) = -f**2 - 6*f - 6. Let l be h(-4). Let s(o) = -5*o + 0*o - l*o + 5*o. Calculate s(-4).
8
Let h(i) = i**3 + 5*i**2 + 2*i + 5. Let l = -82 - -77. Give h(l).
-5
Suppose -35*s + 32*s = -6. Let x(v) = -2*v**2 + 2*v - 1. Give x(s).
-5
Let d(x) = x**2 - 4*x - 1. Let j = -41 + 45. Determine d(j).
-1
Let q be (-2 - -1)*(-2)/2. Let w = 10 - q. Let r be 3/w*(2 - -1). Let m(z) = 9*z**2 - z. Give m(r).
8
Suppose 0 = 3*z - 2*d - d, 0 = 2*z + 4*d + 12. Let h = -9 - z. Let a(p) = p + 8. Let f be a(h). Let j(k) = -2*k - 1. What is j(f)?
-3
Suppose -11*t = -12*t + 8. Let o(g) = g**3 - 8*g**2 + 2*g - 8. Determine o(t).
8
Let s = 3 + 0. Let a(t) = t + 1. Give a(s).
4
Let s(x) be the first derivative of -x**3/3 - x**2/2 - 2. Let g = 66 - 67. Determine s(g).
0
Let m(c) = c + 1. Let t(h) = -1. Let l(p) = -2*m(p) + t(p). Let y = -23 - -20. Determine l(y).
3
Let g be (-1)/2 - (-145)/10. Suppose 2*k = -5*y, 0 = 2*y - 3*k + 5 + g. Let b(f) = 4*f + 1. Calculate b(y).
-7
Let x = 3 - 0. Let v(l) = -4*l**2 + 4*l + l**3 + l**x - 4 - l**3. De